e1
In base 2, what is -1111001110101 + 1011?
-1111001101010
In base 16, what is -30e59 + -3?
-30e5c
In base 16, what is 3bc + -a7d?
-6c1
In base 4, what is 321 + -3113?
-2132
In base 4, what is -32 + -223312203?
-223312301
In base 9, what is 3 - -160632?
160635
In base 12, what is -a + 499?
48b
In base 6, what is 2011 - -21400?
23411
In base 6, what is 23 + 1333321?
1333344
In base 8, what is 3 - -100155?
100160
In base 2, what is 110 + 100101100000?
100101100110
In base 7, what is -14 - -315122?
315105
In base 6, what is 21315052 + 0?
21315052
In base 4, what is -131131 + 30?
-131101
In base 12, what is 4080 + -5b?
4021
In base 12, what is 5 + b6334?
b6339
In base 14, what is -3bb - -39?
-382
In base 9, what is 25 - -2001?
2026
In base 8, what is -5 - -11127?
11122
In base 13, what is b7 - 24a?
-163
In base 7, what is 1410065 + 5?
1410103
In base 12, what is 1111 - -6?
1117
In base 10, what is -8541 - -382?
-8159
In base 12, what is 326 - -24b3?
2819
In base 4, what is 123 + -210220?
-210031
In base 10, what is 239 - 115?
124
In base 2, what is 111111 - -1110010?
10110001
In base 10, what is -52884 + -1?
-52885
In base 8, what is -13 + 20333?
20320
In base 8, what is -10 - 1656?
-1666
In base 6, what is -1 - -1544?
1543
In base 2, what is -101010000001000 - 1001?
-101010000010001
In base 14, what is 10d - 6bba?
-6aab
In base 13, what is 10 + 8737?
8747
In base 5, what is -4 - -432020?
432011
In base 7, what is -5 - -66414?
66406
In base 2, what is 1011010001 + -1000101000?
10101001
In base 11, what is 2 + -112341?
-11233a
In base 9, what is -1 - -55456?
55455
In base 3, what is -11011 - 20022?
-101110
In base 7, what is -415 - -335?
-50
In base 2, what is -101110010111101 - 100?
-101110011000001
In base 10, what is -8368 + 4?
-8364
In base 9, what is 342 + -445?
-103
In base 10, what is -6465 + 16?
-6449
In base 14, what is 246 + -491?
-249
In base 13, what is -61aa3 - 4?
-61aa7
In base 15, what is c - -dec3?
ded0
In base 16, what is -9db34 - -2?
-9db32
In base 10, what is -4744080 + 5?
-4744075
In base 8, what is 1 - -7254?
7255
In base 5, what is 322322 - 3?
322314
In base 5, what is 443 + -1123?
-130
In base 2, what is -10101 - 100100101000110?
-100100101011011
In base 6, what is -22553245 + 2?
-22553243
In base 11, what is 4 - 2407a?
-24076
In base 8, what is 200027 - 1?
200026
In base 6, what is -5 + -1411453?
-1411502
In base 14, what is -2c10 + 9?
-2c05
In base 13, what is a5 - b37?
-a62
In base 10, what is 1 - 3566?
-3565
In base 14, what is 7da + 10?
80a
In base 11, what is -17298a3 - 0?
-17298a3
In base 5, what is 3433 + 122?
4110
In base 2, what is 100100010111000 + 10010001?
100100101001001
In base 11, what is 119a - -345?
1534
In base 8, what is 11147660 - -2?
11147662
In base 8, what is -120 - 6565?
-6705
In base 13, what is 53550 + 4?
53554
In base 4, what is 20 - -121320022?
121320102
In base 16, what is -1825 - -1f?
-1806
In base 6, what is -5500 - 41?
-5541
In base 7, what is -3632461 - -3?
-3632455
In base 15, what is 79111 + 3?
79114
In base 12, what is -1a6 - -30?
-176
In base 16, what is -e - 616a?
-6178
In base 2, what is -10010011 + -10001010111?
-10011101010
In base 10, what is -2 - -30721?
30719
In base 15, what is -2 - 6b05?
-6b07
In base 15, what is 6b - -252?
2bd
In base 12, what is 290 + -28?
264
In base 5, what is -3 + 4031233?
4031230
In base 5, what is 0 + -33204321?
-33204321
In base 9, what is -6153 + -487?
-6651
In base 8, what is -712 + -134?
-1046
In base 12, what is 0 + -1439?
-1439
In base 8, what is -101227 + 30?
-101177
In base 10, what is -96339 - -2?
-96337
In base 15, what is -3b8 + -4?
-3bc
In base 11, what is 3506 - 8?
34a9
In base 4, what is 31211 + -232?
30313
In base 3, what is 11102 + -101010?
-12201
In base 15, what is -70 - 15ec?
-166c
In base 11, what is 340 - 107?
234
In base 5, what is 20440 + -30300?
-4310
In base 14, what is 39 - 2c2?
-287
In base 11, what is 3071911 - 4?
3071908
In base 9, what is -3377 + -20?
-3407
In base 15, what is 87e3 - 6?
87dc
In base 12, what is 32b0 + -3?
32a9
In base 10, what is 226 - 1959?
-1733
In base 10, what is 348 + -41?
307
In base 5, what is -103322 - -200?
-103122
In base 14, what is 4774d - -2?
47751
In base 14, what is -2d464 - 4?
-2d468
In base 7, what is -35336643 - -1?
-35336642
In base 5, what is -12 + -3231122?
-3231134
In base 16, what is 10 - -3630?
3640
In base 4, what is 222131 + -32?
222033
In base 2, what is 110111 + -10111011010110010?
-10111011001111011
In base 16, what is d4e + 40?
d8e
In base 6, what is 4 + 304541?
304545
In base 10, what is -1 - 49415?
-49416
In base 15, what is -475 - 4c?
-4c2
In base 4, what is 13031133 + 3?
13031202
In base 7, what is 5343 - -3?
5346
In base 8, what is 2 + 76356?
76360
In base 8, what is -5 - -2727015?
2727010
In base 9, what is -10854 + -6?
-10861
In base 15, what is -411d69 - 2?
-411d6b
In base 15, what is -164a - 5?
-1650
In base 9, what is -5 + 25753?
25747
In base 3, what is -101021 + 1101210?
1000112
In base 15, what is -4 - 214?
-218
In base 15, what is -4eca - -a6?
-4e24
In base 4, what is 310 - 21001?
-20031
In base 14, what is 9d - -45?
104
In base 5, what is -23142224 - -4?
-23142220
In base 4, what is 121303323 + 22?
121310011
In base 12, what is -4332 + 5?
-4329
In base 12, what is 2 - -3166b?
31671
In base 11, what is -7898 - -3?
-7895
In base 11, what is 838 + -22?
816
In base 15, what is a0c - 1?
a0b
In base 2, what is -100010000 - -1011?
-100000101
In base 10, what is 7 - -9843?
9850
In base 16, what is 1cd13f + -1?
1cd13e
In base 5, what is 3 - -214402?
214410
In base 16, what is -4 + 72ae?
72aa
In base 3, what is 1 + -1002221001?
-1002221000
In base 8, what is -4 - -3350?
3344
In base 7, what is 624 + -11031?
-10104
In base 13, what is -5 + 566733?
56672b
In base 10, what is -2 - -7508?
7506
In base 7, what is -20014 + -103?
-20120
In base 2, what is -11 + 1001001011111000?
1001001011110101
In base 6, what is -2 + 3032431?
3032425
In base 5, what is 3 - -40430403?
40430411
In base 5, what is 2211341 - 2?
2211334
In base 5, what is -3 - 103204?
-103212
In base 13, what is -b87c4 - 0?
-b87c4
In base 9, what is -521 - 33?
-554
In base 11, what is 6 - -796?
7a1
In base 13, what is -ac3 - -c?
-ab4
In base 4, what is 11 - 10230211?
-10230200
In base 7, what is 2340341 - 3?
2340335
In base 8, what is -10 - -41?
31
In base 2, what is 1101001 - -11000?
10000001
In base 4, what is 3301 + -32331?
-23030
In base 8, what is 14 + 21375?
21411
In base 13, what is 197693 + -4?
19768c
In base 13, what is 1027865 - 4?
1027861
In base 11, what is 2 - 291a4?
-291a2
In base 5, what is -3 - -213133000?
213132442
In base 4, what is -22101333 + 11?
-22101322
In base 11, what is 66a8 + 6?
6703
In base 4, what is -1 - 10200100201?
-10200100202
In base 2, what is 1 - 110011001011110?
-110011001011101
In base 15, what is -27c - -e28?
b9b
In base 9, what is -77444 + -17?
-77462
In base 13, what is -5 + -65021?
-65026
In base 5, what is 4410 - -4?
4414
In base 16, what is a - 10f26?
-10f1c
In base 14, what is -1c9aa6 + 4?
-1c9aa2
In base 16, what is 5 - -cf8b?
cf90
In base 7, what is -220 - 1330?
-1550
In base 8, what is 0 + -101235?
-101235
In base 7, what is -366 + 12?
-354
In base 5, what is 241024 + 10?
241034
In base 12, what is 4 + -4688?
-4684
In base 2, what is 1010101011000 - 11010011?
1010010000101
In base 6, what is 1130342 - -1?
1130343
In base 2, what is 10010 + -11010101?
-11000011
In base 2, what is -10100000010110100 - -100?
-10100000010110000
In base 14, what is -21 + 19c17?
19bd6
In base 5, what is 134 + -1103?
-414
In base 8, what is -104 - 3257?
-3363
In base 16, what is 23a - 19?
221
In base 12, what is 1 + 1a5?
1a6
In base 15, what is 19 + 201?
21a
In base 16, what is -4c - 526?
-572
In base 11, what is -2041 - 9?
-204a
In base 9, what is -1 - 31501?
-31502
In base 7, what is 214 + 15503?
16020
In base 4, what is 231 - 100030?
-33133
In base 12, what is 55 + 110a?
1163
In base 3, what is 0 - 10020002010?
-10020002010
In base 7, what is -115 + 14361?
14243
In base 9, what is -761475 + 3?
-761472
In base 9, what is 22 + 2148?
2171
In base 14, what is -366 - -76a?
404
In base 5, what is -103024 + 4421?
-43103
In base 7, what is 1505 + -2110?
-302
In base 16, what is 2 + -82534?
-825